{"id":825,"date":"2016-01-09T17:06:13","date_gmt":"2016-01-09T16:06:13","guid":{"rendered":"https:\/\/essenglish.org\/messenger\/?page_id=825"},"modified":"2016-01-09T17:06:13","modified_gmt":"2016-01-09T16:06:13","slug":"issue-x1-spring-2001","status":"publish","type":"page","link":"https:\/\/essenglish.org\/messenger\/back-issues-1990-2005\/issue-x1-spring-2001\/","title":{"rendered":"Issue X\/1 &#8211; Spring 2001"},"content":{"rendered":"<p><a href=\"https:\/\/i0.wp.com\/essenglish.org\/messenger\/wp-content\/uploads\/sites\/2\/2016\/01\/mes101.jpg?ssl=1\" rel=\"attachment wp-att-826\"><img data-recalc-dims=\"1\" loading=\"lazy\" decoding=\"async\" class=\"aligncenter size-medium wp-image-826\" src=\"https:\/\/i0.wp.com\/essenglish.org\/messenger\/wp-content\/uploads\/sites\/2\/2016\/01\/mes101.jpg?resize=211%2C300&#038;ssl=1\" alt=\"mes101\" width=\"211\" height=\"300\" \/><\/a><\/p>\n<div>\n<div><small>Cover: stills from the Warde-Keane Richard III (1912), courtesy of the American Film Institute<\/p>\n<p><\/small><\/p>\n<div><small><big><big>Contents<\/big><\/big><\/small><\/div>\n<\/div>\n<\/div>\n<div><b><span style=\"font-family: Palatino\"><span style=\"font-size: xx-small\"><br \/>\n<\/span><\/span><\/b><\/div>\n<table border=\"0\">\n<tbody>\n<tr>\n<td>ESSE Matters<\/td>\n<td><\/td>\n<td><\/td>\n<\/tr>\n<tr>\n<td width=\"375\">\n<div><span style=\"font-family: Palatino\">President&#8217;s Column\u00a0<\/span><\/div>\n<\/td>\n<td width=\"185\"><span style=\"font-family: Palatino\">Adolphe Haberer<\/span><\/td>\n<td align=\"right\" width=\"37\"><span style=\"font-family: Palatino\">2<br \/>\n<\/span><\/td>\n<\/tr>\n<tr>\n<td width=\"375\">\n<div><span style=\"font-family: Palatino\">Secretary&#8217;s Report\u00a0<\/span><\/div>\n<\/td>\n<td width=\"185\"><span style=\"font-family: Palatino\">Graham Caie<\/span><\/td>\n<td align=\"right\" width=\"37\"><span style=\"font-family: Palatino\">3<br \/>\n<\/span><\/td>\n<\/tr>\n<tr>\n<td width=\"375\">\n<div><span style=\"font-family: Palatino\">ESSE-6 Strasbourg\u00a0<\/span><\/div>\n<\/td>\n<td width=\"185\"><\/td>\n<td align=\"right\" width=\"37\"><span style=\"font-family: Palatino\">4<br \/>\n<\/span><\/td>\n<\/tr>\n<tr>\n<td width=\"375\">\n<div><span style=\"font-family: Palatino\">English Studies in Estonia<\/span><\/div>\n<\/td>\n<td width=\"185\"><span style=\"font-family: Palatino\">Raili P\u00f5ldsaar<\/span><\/td>\n<td align=\"right\" width=\"37\"><span style=\"font-family: Palatino\">6<br \/>\n<\/span><\/td>\n<\/tr>\n<tr>\n<td width=\"375\">\n<div><span style=\"font-family: Palatino\">University Reform in Italy\u00a0<\/span><\/div>\n<\/td>\n<td width=\"185\"><span style=\"font-family: Palatino\">Mirella Billi<\/span><\/td>\n<td align=\"right\" width=\"37\"><span style=\"font-family: Palatino\">10<br \/>\n<\/span><\/td>\n<\/tr>\n<tr>\n<td width=\"375\">\n<div><span style=\"font-family: Palatino\">In Memoriam: Sir Malcolm Bradbury<\/span><\/div>\n<\/td>\n<td width=\"185\"><span style=\"font-family: Palatino\">Harriet Harvey-Wood\u00a0<\/span><\/td>\n<td align=\"right\" width=\"37\"><span style=\"font-family: Palatino\">12<br \/>\n<\/span><\/td>\n<\/tr>\n<tr>\n<td width=\"375\">\n<div><span style=\"font-family: Palatino\">In Memoriam: Lorna Sage<\/span><\/div>\n<\/td>\n<td width=\"185\"><span style=\"font-family: Palatino\">Janet Todd<\/span><\/td>\n<td align=\"right\" width=\"37\"><span style=\"font-family: Palatino\">15<br \/>\n<\/span><\/td>\n<\/tr>\n<tr>\n<td width=\"375\"><\/td>\n<td width=\"185\"><\/td>\n<td align=\"right\" width=\"37\"><\/td>\n<\/tr>\n<tr>\n<td width=\"375\"><b><span style=\"font-family: Palatino\">Adaptations<\/span><\/b><\/td>\n<td width=\"185\"><\/td>\n<td align=\"right\" width=\"37\"><\/td>\n<\/tr>\n<tr>\n<td width=\"375\">\n<div><span style=\"font-family: Palatino\">Listening to Richard: On Reading the First Shakespearean Feature Film\u00a0<\/span><\/div>\n<\/td>\n<td width=\"185\"><span style=\"font-family: Palatino\">Anthony R. Guneratne<\/span><\/td>\n<td align=\"right\" width=\"37\"><span style=\"font-family: Palatino\">17<br \/>\n<\/span><\/td>\n<\/tr>\n<tr>\n<td width=\"375\">\n<div><span style=\"font-family: Palatino\">An Annotated Checklist of Shakespeare on Screen<\/span><\/div>\n<\/td>\n<td width=\"185\"><span style=\"font-family: Palatino\">Jos\u00e9 Ram\u00f3n D\u00edaz Fern\u00e1ndez\u00a0<\/span><\/td>\n<td align=\"right\" width=\"37\"><span style=\"font-family: Palatino\">29<br \/>\n<\/span><\/td>\n<\/tr>\n<tr>\n<td width=\"375\">\n<div><span style=\"font-family: Palatino\">A Very Polished Practice: An Interview with Andrew Davies<\/span><\/div>\n<\/td>\n<td width=\"185\"><span style=\"font-family: Palatino\">Nic Ransome\u00a0<\/span><\/td>\n<td align=\"right\" width=\"37\"><span style=\"font-family: Palatino\">34<br \/>\n<\/span><\/td>\n<\/tr>\n<tr>\n<td width=\"375\"><\/td>\n<td width=\"185\"><\/td>\n<td align=\"right\" width=\"37\"><\/td>\n<\/tr>\n<tr>\n<td width=\"375\"><b><span style=\"font-family: Palatino\">Articles<\/span><\/b><\/td>\n<td width=\"185\"><\/td>\n<td align=\"right\" width=\"37\"><\/td>\n<\/tr>\n<tr>\n<td width=\"375\">\n<div><span style=\"font-family: Palatino\">Brave New English?<\/span><\/div>\n<\/td>\n<td width=\"185\"><span style=\"font-family: Palatino\">Barbara Seidlhofer<\/span><\/td>\n<td align=\"right\" width=\"37\"><span style=\"font-family: Palatino\">42<br \/>\n<\/span><\/td>\n<\/tr>\n<tr>\n<td width=\"375\">\n<div><span style=\"font-family: Palatino\">Seven Theses on Theory\u00a0<\/span><\/div>\n<\/td>\n<td width=\"185\"><span style=\"font-family: Palatino\">Mikko Lehtonen<\/span><\/td>\n<td align=\"right\" width=\"37\"><span style=\"font-family: Palatino\">49<br \/>\n<\/span><\/td>\n<\/tr>\n<tr>\n<td width=\"375\">\n<div><span style=\"font-family: Palatino\">A Theoretical Autobiography\u00a0<\/span><\/div>\n<\/td>\n<td width=\"185\"><span style=\"font-family: Palatino\">Alessandra Marzola<\/span><\/td>\n<td align=\"right\" width=\"37\"><span style=\"font-family: Palatino\">51<br \/>\n<\/span><\/td>\n<\/tr>\n<tr>\n<td width=\"375\">\n<div><span style=\"font-family: Palatino\">Professor Caught Down Drain with Love Poem\u00a0<\/span><\/div>\n<\/td>\n<td width=\"185\"><span style=\"font-family: Palatino\">Graham Caie<\/span><\/td>\n<td align=\"right\" width=\"37\"><span style=\"font-family: Palatino\">57<br \/>\n<\/span><\/td>\n<\/tr>\n<tr>\n<td width=\"375\"><\/td>\n<td width=\"185\"><\/td>\n<td align=\"right\" width=\"37\"><\/td>\n<\/tr>\n<tr>\n<td width=\"375\"><b><span style=\"font-family: Palatino\">Rejoinder<\/span><\/b><\/td>\n<td width=\"185\"><\/td>\n<td align=\"right\" width=\"37\"><\/td>\n<\/tr>\n<tr>\n<td width=\"375\">\n<div><span style=\"font-family: Palatino\">Pound Wise, Euro Foolish?\u00a0<\/span><\/div>\n<\/td>\n<td width=\"185\"><span style=\"font-family: Palatino\">Theo D&#8217;haen<\/span><\/td>\n<td align=\"right\" width=\"37\"><span style=\"font-family: Palatino\">60<br \/>\n<\/span><\/td>\n<\/tr>\n<tr>\n<td width=\"375\"><\/td>\n<td width=\"185\"><\/td>\n<td align=\"right\" width=\"37\"><\/td>\n<\/tr>\n<tr>\n<td width=\"375\"><b><span style=\"font-family: Palatino\">Revaluations<\/span><\/b><\/td>\n<td width=\"185\"><\/td>\n<td align=\"right\" width=\"37\"><\/td>\n<\/tr>\n<tr>\n<td width=\"375\">\n<div><span style=\"font-family: Palatino\">* * *<\/span><\/div>\n<\/td>\n<td width=\"185\"><span style=\"font-family: Palatino\">Ronald Shusterman<\/span><\/td>\n<td align=\"right\" width=\"37\"><span style=\"font-family: Palatino\">64<br \/>\n<\/span><\/td>\n<\/tr>\n<tr>\n<td width=\"375\"><\/td>\n<td width=\"185\"><\/td>\n<td align=\"right\" width=\"37\"><\/td>\n<\/tr>\n<tr>\n<td width=\"375\"><b><span style=\"font-family: Palatino\">Computer Corner\u00a0<\/span><\/b><\/td>\n<td width=\"185\"><span style=\"font-family: Palatino\">Adam Piette<\/span><\/td>\n<td align=\"right\" width=\"37\"><span style=\"font-family: Palatino\">68<br \/>\n<\/span><\/td>\n<\/tr>\n<tr>\n<td width=\"375\">\n<div><span style=\"font-family: Palatino\">Shakespeare and the Renaissance on the Web<\/span><\/div>\n<\/td>\n<td width=\"185\"><span style=\"font-family: Palatino\">Lisa Hopkins<\/span><\/td>\n<td align=\"right\" width=\"37\"><span style=\"font-family: Palatino\">69<br \/>\n<\/span><\/td>\n<\/tr>\n<tr>\n<td width=\"375\"><\/td>\n<td width=\"185\"><\/td>\n<td align=\"right\" width=\"37\"><\/td>\n<\/tr>\n<tr>\n<td width=\"375\"><b><span style=\"font-family: Palatino\">Reviews<\/span><\/b><\/td>\n<td width=\"185\"><\/td>\n<td align=\"right\" width=\"37\"><\/td>\n<\/tr>\n<tr>\n<td width=\"375\">\n<div><span style=\"font-family: Palatino\">Theorising Europe&#8217;s `Wild East&#8217;<\/span><\/div>\n<\/td>\n<td width=\"185\"><span style=\"font-family: Palatino\">Ludmilla Kostova<\/span><\/td>\n<td align=\"right\" width=\"37\"><span style=\"font-family: Palatino\">71<br \/>\n<\/span><\/td>\n<\/tr>\n<tr>\n<td width=\"375\">\n<div><span style=\"font-family: Palatino\">Post-Colonial Identities<\/span><\/div>\n<\/td>\n<td width=\"185\"><span style=\"font-family: Palatino\">Theodora Tsimpouki<\/span><\/td>\n<td align=\"right\" width=\"37\"><span style=\"font-family: Palatino\">74<br \/>\n<\/span><\/td>\n<\/tr>\n<tr>\n<td width=\"375\"><\/td>\n<td width=\"185\"><\/td>\n<td align=\"right\" width=\"37\"><\/td>\n<\/tr>\n<tr>\n<td width=\"375\"><b><span style=\"font-family: Palatino\">Centres &amp; Projects\u00a0<\/span><\/b><\/td>\n<td width=\"185\"><\/td>\n<td align=\"right\" width=\"37\"><\/td>\n<\/tr>\n<tr>\n<td width=\"375\">\n<div><span style=\"font-family: Palatino\">CERLIS<\/span><\/div>\n<\/td>\n<td width=\"185\"><span style=\"font-family: Palatino\">Maurizio Gotti<\/span><\/td>\n<td align=\"right\" width=\"37\"><span style=\"font-family: Palatino\">76<br \/>\n<\/span><\/td>\n<\/tr>\n<tr>\n<td width=\"375\"><\/td>\n<td width=\"185\"><\/td>\n<td align=\"right\" width=\"37\"><\/td>\n<\/tr>\n<tr>\n<td width=\"375\"><b><span style=\"font-family: Palatino\">Reports<\/span><\/b><\/td>\n<td width=\"185\"><\/td>\n<td align=\"right\" width=\"37\"><\/td>\n<\/tr>\n<tr>\n<td width=\"375\">\n<div><span style=\"font-family: Palatino\">Analysing Text and Discourse\u00a0<\/span><\/div>\n<\/td>\n<td width=\"185\"><span style=\"font-family: Palatino\">Anne-Marie Simon-Vandenbergen<\/span><\/td>\n<td align=\"right\" width=\"37\"><span style=\"font-family: Palatino\">79<br \/>\n<\/span><\/td>\n<\/tr>\n<tr>\n<td width=\"375\"><\/td>\n<td width=\"185\"><\/td>\n<td align=\"right\" width=\"37\"><\/td>\n<\/tr>\n<tr>\n<td width=\"375\"><b><span style=\"font-family: Palatino\">Listings<\/span><\/b><\/td>\n<td width=\"185\"><\/td>\n<td align=\"right\" width=\"37\"><\/td>\n<\/tr>\n<tr>\n<td width=\"375\">\n<div><span style=\"font-family: Palatino\">Conference Announcements\u00a0<\/span><\/div>\n<\/td>\n<td width=\"185\"><\/td>\n<td align=\"right\" width=\"37\"><span style=\"font-family: Palatino\">86<br \/>\n<\/span><\/td>\n<\/tr>\n<tr>\n<td width=\"375\">\n<div><span style=\"font-family: Palatino\">Journals<\/span><\/div>\n<\/td>\n<td width=\"185\"><\/td>\n<td align=\"right\" width=\"37\"><span style=\"font-family: Palatino\">92<br \/>\n<\/span><\/td>\n<\/tr>\n<tr>\n<td width=\"375\"><b><span style=\"font-family: Palatino\">ESSE Board Members<\/span><\/b><\/td>\n<td width=\"185\"><\/td>\n<td align=\"right\" width=\"37\"><span style=\"font-family: Palatino\">96\u00a0\u00a0<\/span><\/td>\n<\/tr>\n<\/tbody>\n<\/table>\n<p><\/p>\n","protected":false},"excerpt":{"rendered":"<p>Cover: stills from the Warde-Keane Richard III (1912), courtesy of the American Film Institute Contents ESSE Matters President&#8217;s Column\u00a0 Adolphe Haberer 2 Secretary&#8217;s Report\u00a0 Graham Caie 3 ESSE-6 Strasbourg\u00a0 4 English Studies in Estonia Raili P\u00f5ldsaar 6 University Reform in Italy\u00a0 Mirella Billi 10 In Memoriam: Sir Malcolm Bradbury Harriet Harvey-Wood\u00a0 12 In Memoriam: Lorna [&hellip;]<\/p>\n","protected":false},"author":2,"featured_media":0,"parent":745,"menu_order":0,"comment_status":"closed","ping_status":"closed","template":"","meta":{"_crdt_document":"","ngg_post_thumbnail":0,"jetpack_post_was_ever_published":false,"footnotes":""},"categories":[],"tags":[],"class_list":["post-825","page","type-page","status-publish","hentry"],"jetpack_sharing_enabled":true,"_links":{"self":[{"href":"https:\/\/essenglish.org\/messenger\/wp-json\/wp\/v2\/pages\/825","targetHints":{"allow":["GET"]}}],"collection":[{"href":"https:\/\/essenglish.org\/messenger\/wp-json\/wp\/v2\/pages"}],"about":[{"href":"https:\/\/essenglish.org\/messenger\/wp-json\/wp\/v2\/types\/page"}],"author":[{"embeddable":true,"href":"https:\/\/essenglish.org\/messenger\/wp-json\/wp\/v2\/users\/2"}],"replies":[{"embeddable":true,"href":"https:\/\/essenglish.org\/messenger\/wp-json\/wp\/v2\/comments?post=825"}],"version-history":[{"count":1,"href":"https:\/\/essenglish.org\/messenger\/wp-json\/wp\/v2\/pages\/825\/revisions"}],"predecessor-version":[{"id":827,"href":"https:\/\/essenglish.org\/messenger\/wp-json\/wp\/v2\/pages\/825\/revisions\/827"}],"up":[{"embeddable":true,"href":"https:\/\/essenglish.org\/messenger\/wp-json\/wp\/v2\/pages\/745"}],"wp:attachment":[{"href":"https:\/\/essenglish.org\/messenger\/wp-json\/wp\/v2\/media?parent=825"}],"wp:term":[{"taxonomy":"category","embeddable":true,"href":"https:\/\/essenglish.org\/messenger\/wp-json\/wp\/v2\/categories?post=825"},{"taxonomy":"post_tag","embeddable":true,"href":"https:\/\/essenglish.org\/messenger\/wp-json\/wp\/v2\/tags?post=825"}],"curies":[{"name":"wp","href":"https:\/\/api.w.org\/{rel}","templated":true}]}}