{"id":35,"date":"2015-10-29T22:09:48","date_gmt":"2015-10-29T21:09:48","guid":{"rendered":"https:\/\/essenglish.org\/messenger\/?page_id=35"},"modified":"2016-12-01T12:37:14","modified_gmt":"2016-12-01T11:37:14","slug":"24-2","status":"publish","type":"page","link":"https:\/\/essenglish.org\/messenger\/back\/24-2\/","title":{"rendered":"Issue XXIV\/2 &#8211; Winter 2015"},"content":{"rendered":"<p><img data-recalc-dims=\"1\" loading=\"lazy\" decoding=\"async\" class=\"size-medium wp-image-73 aligncenter\" src=\"https:\/\/i0.wp.com\/essenglish.org\/messenger\/wp-content\/uploads\/sites\/2\/2015\/10\/mes242.jpg?resize=200%2C300&#038;ssl=1\" alt=\"mes242\" width=\"200\" height=\"300\" \/><\/p>\n<p>&nbsp;<\/p>\n<p>A password is required to open these PDF documents. The password is to be found in the printed issue of <em>The Messenger<\/em>.<\/p>\n<p><strong>ESSE MATTERS<\/strong><\/p>\n<p>Liliane Louvel, <em>The ESSE President\u2019s Column<\/em>, p. 2<br \/>\nHortensia P\u00e2rlog, <em>Editorial Note. Password for the online version<\/em>, p. 3<br \/>\nESSE Book Awards 2016, p.4<br \/>\nESSE Bursaries for 2016, p. 5<br \/>\nCall for applications for the ESSE positions of Secretary and Treasurer, p. 7<br \/>\n13th ESSE Conference, Galway 2016, p. 7<br \/>\nG\u00fcnther Sigott, <em>In Memoriam<\/em>: William Nemser, p. 31<br \/>\nMartin A. Kayman: <em>In Memoriam<\/em>: Helmut Bonheim, p. 31<\/p>\n<p><a href=\"https:\/\/essenglish.org\/messenger\/wp-content\/uploads\/sites\/2\/2016\/12\/242-1-39.pdf\" target=\"_blank\">Download pp. 1-39<\/a><\/p>\n<hr \/>\n<p><strong>WRESTLING WITH THE (POST)-POSTMODERNISM<\/strong><\/p>\n<p>Pia Br\u00eenzeu, <em>Post-postmodernism: An Ugly Wor(l)d?<\/em>, p. 39<br \/>\nMaria Aline Ferreira, <em>The Posthumanist and Biopolitical Turn in Post-Postmodernism<\/em>, p. 42<br \/>\nSl\u00e1vka Toma\u0161\u010d\u00edkov\u00e1, <em>Cultural Heritage and Food \u2014 New Media Narratives \u2014 New Meanings and New Identities<\/em>, p. 49<\/p>\n<p><a href=\"https:\/\/essenglish.org\/messenger\/wp-content\/uploads\/sites\/2\/2016\/12\/242-39-57.pdf\" target=\"_blank\">Download pp. 39-57<\/a><\/p>\n<hr \/>\n<p><strong>DIDACTIC ISSUES<\/strong><\/p>\n<p>Elena Doobenko, <em>Poetics of Flexible Personification Gestalts in Anglo-American Literary Tradition<\/em>, p. 57<br \/>\nClaire Chaplier, Anne-Marie O\u2019Connell, <em>ESP \/ ASP in the Domains of Science and Law in a French Higher Education Context: Preliminary Reflections<\/em>, p. 61<\/p>\n<p><a href=\"https:\/\/essenglish.org\/messenger\/wp-content\/uploads\/sites\/2\/2016\/12\/242-57-76.pdf\" target=\"_blank\">Download pp. 57-76<\/a><\/p>\n<hr \/>\n<p><strong>INTERVIEW<\/strong><\/p>\n<p>Cristina B\u0103niceru and Cristina Chevere\u0219an, &#8220;You Have to Face Your Past&#8221; \u2014- An Interview with Paul Bailey, p. 76<\/p>\n<p><a href=\"https:\/\/essenglish.org\/messenger\/wp-content\/uploads\/sites\/2\/2016\/12\/242-76-82.pdf\" target=\"_blank\">Download pp. 76-82<\/a><\/p>\n<hr \/>\n<p><strong>POETRY<\/strong><\/p>\n<p>Leah Fritz, p. 82<\/p>\n<p><a href=\"https:\/\/essenglish.org\/messenger\/wp-content\/uploads\/sites\/2\/2016\/12\/242-82-85.pdf\" target=\"_blank\">Download pp. 82-85<\/a><\/p>\n<hr \/>\n<p><strong>CONFERENCE REPORT<\/strong>, p. 86<\/p>\n<p><strong>REVIEWS<\/strong>, p. 89<\/p>\n<p><a href=\"https:\/\/essenglish.org\/messenger\/wp-content\/uploads\/sites\/2\/2016\/12\/242-86-103.pdf\" target=\"_blank\">Download pp. 86-103<\/a><\/p>\n<hr \/>\n<p><strong>ESSE BOARD MEMBERS: NATIONAL REPRESENTATIVES<\/strong>, p. 104<\/p>\n","protected":false},"excerpt":{"rendered":"<p>&nbsp; A password is required to open these PDF documents. The password is to be found in the printed issue of The Messenger. ESSE MATTERS Liliane Louvel, The ESSE President\u2019s Column, p. 2 Hortensia P\u00e2rlog, Editorial Note. Password for the online version, p. 3 ESSE Book Awards 2016, p.4 ESSE Bursaries for 2016, p. 5 [&hellip;]<\/p>\n","protected":false},"author":1,"featured_media":0,"parent":33,"menu_order":100,"comment_status":"closed","ping_status":"closed","template":"","meta":{"_crdt_document":"","ngg_post_thumbnail":0,"jetpack_post_was_ever_published":false,"footnotes":""},"categories":[1],"tags":[],"class_list":["post-35","page","type-page","status-publish","hentry","category-uncategorised"],"jetpack_sharing_enabled":true,"_links":{"self":[{"href":"https:\/\/essenglish.org\/messenger\/wp-json\/wp\/v2\/pages\/35","targetHints":{"allow":["GET"]}}],"collection":[{"href":"https:\/\/essenglish.org\/messenger\/wp-json\/wp\/v2\/pages"}],"about":[{"href":"https:\/\/essenglish.org\/messenger\/wp-json\/wp\/v2\/types\/page"}],"author":[{"embeddable":true,"href":"https:\/\/essenglish.org\/messenger\/wp-json\/wp\/v2\/users\/1"}],"replies":[{"embeddable":true,"href":"https:\/\/essenglish.org\/messenger\/wp-json\/wp\/v2\/comments?post=35"}],"version-history":[{"count":15,"href":"https:\/\/essenglish.org\/messenger\/wp-json\/wp\/v2\/pages\/35\/revisions"}],"predecessor-version":[{"id":1561,"href":"https:\/\/essenglish.org\/messenger\/wp-json\/wp\/v2\/pages\/35\/revisions\/1561"}],"up":[{"embeddable":true,"href":"https:\/\/essenglish.org\/messenger\/wp-json\/wp\/v2\/pages\/33"}],"wp:attachment":[{"href":"https:\/\/essenglish.org\/messenger\/wp-json\/wp\/v2\/media?parent=35"}],"wp:term":[{"taxonomy":"category","embeddable":true,"href":"https:\/\/essenglish.org\/messenger\/wp-json\/wp\/v2\/categories?post=35"},{"taxonomy":"post_tag","embeddable":true,"href":"https:\/\/essenglish.org\/messenger\/wp-json\/wp\/v2\/tags?post=35"}],"curies":[{"name":"wp","href":"https:\/\/api.w.org\/{rel}","templated":true}]}}